{"id":46,"date":"2024-12-27T14:36:43","date_gmt":"2024-12-27T13:36:43","guid":{"rendered":"https:\/\/multiform3d.com\/?page_id=46"},"modified":"2025-01-30T11:27:32","modified_gmt":"2025-01-30T10:27:32","slug":"mentions-legales-rgpd","status":"publish","type":"page","link":"https:\/\/multiform3d.com\/?page_id=46","title":{"rendered":"RGPD, CGU, CGV, Mentions l\u00e9gales"},"content":{"rendered":"<h2 class=\"wp-block-heading\">RGPD<\/h2><p>En cours de r\u00e9daction<\/p><h2 class=\"wp-block-heading\">CGU<\/h2><p>En cours de r\u00e9daction<\/p><h2 class=\"wp-block-heading\">CGV<\/h2><p>En cours de r\u00e9daction<\/p><h2 class=\"wp-block-heading\">Mentions l\u00e9gales<\/h2><p>Nom commercial : multiform3d<\/p><p>Nom de domaine du site internet : multiform3d.com<\/p><p>Immatriculation au RCS de Rennes sous le num\u00e9ro 938 695 764<\/p><p>Num\u00e9ro de TVA intracommunautaire: Attribution en cours<\/p><p>Siret: 938 695 76400010<\/p><p>Siren: 938 695 764<\/p><p>Code APE\u00a0: 7312Z<\/p><p>Repr\u00e9sentant : Robin Del\u00e9pine<\/p><p>Contact : robin.delepine1901@gmail.com<\/p><p>Adresse de l&rsquo;\u00e9tablissement : 3 All\u00e9e de l&rsquo;Amiti\u00e9 35520 La M\u00e9zi\u00e8re<\/p>","protected":false},"excerpt":{"rendered":"<p>RGPD En cours de r\u00e9daction CGU En cours de r\u00e9daction CGV En cours de r\u00e9daction Mentions l\u00e9gales Nom commercial : multiform3d Nom de domaine du site internet : multiform3d.com Immatriculation au RCS de Rennes sous le num\u00e9ro 938 695 764 Num\u00e9ro de TVA intracommunautaire: Attribution en cours Siret: 938 695 76400010 Siren: 938 695 764 [&hellip;]<\/p>\n","protected":false},"author":1,"featured_media":0,"parent":0,"menu_order":0,"comment_status":"closed","ping_status":"closed","template":"","meta":{"footnotes":""},"class_list":["post-46","page","type-page","status-publish","hentry","entry","owp-thumbs-layout-horizontal","owp-btn-normal","owp-tabs-layout-horizontal","has-no-thumbnails","has-product-nav"],"_links":{"self":[{"href":"https:\/\/multiform3d.com\/index.php?rest_route=\/wp\/v2\/pages\/46","targetHints":{"allow":["GET"]}}],"collection":[{"href":"https:\/\/multiform3d.com\/index.php?rest_route=\/wp\/v2\/pages"}],"about":[{"href":"https:\/\/multiform3d.com\/index.php?rest_route=\/wp\/v2\/types\/page"}],"author":[{"embeddable":true,"href":"https:\/\/multiform3d.com\/index.php?rest_route=\/wp\/v2\/users\/1"}],"replies":[{"embeddable":true,"href":"https:\/\/multiform3d.com\/index.php?rest_route=%2Fwp%2Fv2%2Fcomments&post=46"}],"version-history":[{"count":7,"href":"https:\/\/multiform3d.com\/index.php?rest_route=\/wp\/v2\/pages\/46\/revisions"}],"predecessor-version":[{"id":299,"href":"https:\/\/multiform3d.com\/index.php?rest_route=\/wp\/v2\/pages\/46\/revisions\/299"}],"wp:attachment":[{"href":"https:\/\/multiform3d.com\/index.php?rest_route=%2Fwp%2Fv2%2Fmedia&parent=46"}],"curies":[{"name":"wp","href":"https:\/\/api.w.org\/{rel}","templated":true}]}}