{"id":42,"date":"2024-12-27T14:36:07","date_gmt":"2024-12-27T13:36:07","guid":{"rendered":"https:\/\/multiform3d.com\/?page_id=42"},"modified":"2025-01-27T15:59:02","modified_gmt":"2025-01-27T14:59:02","slug":"contact","status":"publish","type":"page","link":"https:\/\/multiform3d.com\/?page_id=42","title":{"rendered":"Contact"},"content":{"rendered":"<p>Vous avez une question, une id\u00e9e ou un projet \u00e0 partager ? Vous souhaiter r\u00e9aliser un devis ?<br>Nous sommes l\u00e0 pour vous aider et \u00e9changer avec vous \ud83d\ude42<\/p><ul class=\"wp-block-list\"><li>Robin Del\u00e9pine<\/li>\n\n<li>email : robin.delepine1901@gmail.com<\/li><\/ul><p><\/p>","protected":false},"excerpt":{"rendered":"<p>Vous avez une question, une id\u00e9e ou un projet \u00e0 partager ? Vous souhaiter r\u00e9aliser un devis ?Nous sommes l\u00e0 pour vous aider et \u00e9changer avec vous \ud83d\ude42<\/p>\n","protected":false},"author":1,"featured_media":0,"parent":0,"menu_order":0,"comment_status":"closed","ping_status":"closed","template":"","meta":{"footnotes":""},"class_list":["post-42","page","type-page","status-publish","hentry","entry","owp-thumbs-layout-horizontal","owp-btn-normal","owp-tabs-layout-horizontal","has-no-thumbnails","has-product-nav"],"_links":{"self":[{"href":"https:\/\/multiform3d.com\/index.php?rest_route=\/wp\/v2\/pages\/42","targetHints":{"allow":["GET"]}}],"collection":[{"href":"https:\/\/multiform3d.com\/index.php?rest_route=\/wp\/v2\/pages"}],"about":[{"href":"https:\/\/multiform3d.com\/index.php?rest_route=\/wp\/v2\/types\/page"}],"author":[{"embeddable":true,"href":"https:\/\/multiform3d.com\/index.php?rest_route=\/wp\/v2\/users\/1"}],"replies":[{"embeddable":true,"href":"https:\/\/multiform3d.com\/index.php?rest_route=%2Fwp%2Fv2%2Fcomments&post=42"}],"version-history":[{"count":3,"href":"https:\/\/multiform3d.com\/index.php?rest_route=\/wp\/v2\/pages\/42\/revisions"}],"predecessor-version":[{"id":296,"href":"https:\/\/multiform3d.com\/index.php?rest_route=\/wp\/v2\/pages\/42\/revisions\/296"}],"wp:attachment":[{"href":"https:\/\/multiform3d.com\/index.php?rest_route=%2Fwp%2Fv2%2Fmedia&parent=42"}],"curies":[{"name":"wp","href":"https:\/\/api.w.org\/{rel}","templated":true}]}}