{"id":38,"date":"2024-12-27T14:32:11","date_gmt":"2024-12-27T13:32:11","guid":{"rendered":"https:\/\/multiform3d.com\/?page_id=38"},"modified":"2025-03-18T13:21:01","modified_gmt":"2025-03-18T12:21:01","slug":"accueil","status":"publish","type":"page","link":"https:\/\/multiform3d.com\/","title":{"rendered":"Accueil"},"content":{"rendered":"<div class=\"wp-block-group is-nowrap is-layout-flex wp-container-core-group-is-layout-1 wp-block-group-is-layout-flex\"><figure class=\"wp-block-image size-large is-resized\"><img loading=\"lazy\" decoding=\"async\" width=\"1024\" height=\"864\" src=\"https:\/\/multiform3d.com\/wp-content\/uploads\/2025\/01\/cropped-logo_transparent_multiform3d-1024x864.png\" alt=\"\" class=\"wp-image-98\" style=\"width:280px;height:auto\" srcset=\"https:\/\/multiform3d.com\/wp-content\/uploads\/2025\/01\/cropped-logo_transparent_multiform3d-1024x864.png 1024w, https:\/\/multiform3d.com\/wp-content\/uploads\/2025\/01\/cropped-logo_transparent_multiform3d-600x506.png 600w, https:\/\/multiform3d.com\/wp-content\/uploads\/2025\/01\/cropped-logo_transparent_multiform3d-300x253.png 300w, https:\/\/multiform3d.com\/wp-content\/uploads\/2025\/01\/cropped-logo_transparent_multiform3d-768x648.png 768w, https:\/\/multiform3d.com\/wp-content\/uploads\/2025\/01\/cropped-logo_transparent_multiform3d-1536x1296.png 1536w, https:\/\/multiform3d.com\/wp-content\/uploads\/2025\/01\/cropped-logo_transparent_multiform3d.png 2000w\" sizes=\"auto, (max-width: 1024px) 100vw, 1024px\" \/><\/figure>\n\n<div id=\"welcome-message-0\"><\/div>\n\n<p><\/p>\n\n<p><\/p>\n\n<p><\/p><\/div><div id=\"welcome-message-1\"><\/div><p><\/p><div class=\"wp-block-columns is-layout-flex wp-container-core-columns-is-layout-1 wp-block-columns-is-layout-flex\"><div class=\"wp-block-column is-layout-flow wp-block-column-is-layout-flow\"><div class=\"wp-block-image\"><figure class=\"alignright size-full is-resized\"><img loading=\"lazy\" decoding=\"async\" width=\"1024\" height=\"1024\" src=\"https:\/\/multiform3d.com\/wp-content\/uploads\/2025\/01\/calibration_parts.webp\" alt=\"\" class=\"wp-image-226\" style=\"width:367px;height:auto\" srcset=\"https:\/\/multiform3d.com\/wp-content\/uploads\/2025\/01\/calibration_parts.webp 1024w, https:\/\/multiform3d.com\/wp-content\/uploads\/2025\/01\/calibration_parts-300x300.webp 300w, https:\/\/multiform3d.com\/wp-content\/uploads\/2025\/01\/calibration_parts-150x150.webp 150w, https:\/\/multiform3d.com\/wp-content\/uploads\/2025\/01\/calibration_parts-768x768.webp 768w, https:\/\/multiform3d.com\/wp-content\/uploads\/2025\/01\/calibration_parts-600x600.webp 600w, https:\/\/multiform3d.com\/wp-content\/uploads\/2025\/01\/calibration_parts-100x100.webp 100w\" sizes=\"auto, (max-width: 1024px) 100vw, 1024px\" \/><\/figure><\/div><\/div>\n\n<div class=\"wp-block-column is-vertically-aligned-center is-layout-flow wp-block-column-is-layout-flow\"><div id=\"welcome-message-2\"><\/div>\n\n<p><\/p><\/div><\/div><div class=\"wp-block-columns is-layout-flex wp-container-core-columns-is-layout-2 wp-block-columns-is-layout-flex\"><div class=\"wp-block-column is-vertically-aligned-center is-layout-flow wp-block-column-is-layout-flow\"><div id=\"welcome-message-3\"><\/div><\/div>\n\n<div class=\"wp-block-column is-layout-flow wp-block-column-is-layout-flow\"><div class=\"wp-block-image\"><figure class=\"alignleft size-full is-resized\"><img loading=\"lazy\" decoding=\"async\" width=\"1024\" height=\"1024\" src=\"https:\/\/multiform3d.com\/wp-content\/uploads\/2025\/01\/generation_live.webp\" alt=\"\" class=\"wp-image-232\" style=\"width:374px;height:auto\" srcset=\"https:\/\/multiform3d.com\/wp-content\/uploads\/2025\/01\/generation_live.webp 1024w, https:\/\/multiform3d.com\/wp-content\/uploads\/2025\/01\/generation_live-300x300.webp 300w, https:\/\/multiform3d.com\/wp-content\/uploads\/2025\/01\/generation_live-150x150.webp 150w, https:\/\/multiform3d.com\/wp-content\/uploads\/2025\/01\/generation_live-768x768.webp 768w, https:\/\/multiform3d.com\/wp-content\/uploads\/2025\/01\/generation_live-600x600.webp 600w, https:\/\/multiform3d.com\/wp-content\/uploads\/2025\/01\/generation_live-100x100.webp 100w\" sizes=\"auto, (max-width: 1024px) 100vw, 1024px\" \/><\/figure><\/div><\/div><\/div><div class=\"wp-block-columns is-layout-flex wp-container-core-columns-is-layout-3 wp-block-columns-is-layout-flex\"><div class=\"wp-block-column is-layout-flow wp-block-column-is-layout-flow\"><div class=\"wp-block-image\"><figure class=\"alignright size-full is-resized\"><img loading=\"lazy\" decoding=\"async\" width=\"1024\" height=\"1024\" src=\"https:\/\/multiform3d.com\/wp-content\/uploads\/2025\/01\/calibration_parts2.webp\" alt=\"\" class=\"wp-image-227\" style=\"width:376px;height:auto\" srcset=\"https:\/\/multiform3d.com\/wp-content\/uploads\/2025\/01\/calibration_parts2.webp 1024w, https:\/\/multiform3d.com\/wp-content\/uploads\/2025\/01\/calibration_parts2-300x300.webp 300w, https:\/\/multiform3d.com\/wp-content\/uploads\/2025\/01\/calibration_parts2-150x150.webp 150w, https:\/\/multiform3d.com\/wp-content\/uploads\/2025\/01\/calibration_parts2-768x768.webp 768w, https:\/\/multiform3d.com\/wp-content\/uploads\/2025\/01\/calibration_parts2-600x600.webp 600w, https:\/\/multiform3d.com\/wp-content\/uploads\/2025\/01\/calibration_parts2-100x100.webp 100w\" sizes=\"auto, (max-width: 1024px) 100vw, 1024px\" \/><\/figure><\/div><\/div>\n\n<div class=\"wp-block-column is-vertically-aligned-center is-layout-flow wp-block-column-is-layout-flow\"><div id=\"welcome-message-4\"><\/div><\/div><\/div><div id=\"welcome-message-5\"><\/div><h2 class=\"wp-block-heading has-text-align-center\"><\/h2><!--\n<div class=\"catalogue\" id=\"one_item_container\"><\/div>\n\n<script type=\"module\" src=\"https:\/\/multiform3d.com\/wp-content\/uploads\/build_button_with_3dmodel.js\"><\/script>\n\n<script type=\"module\">\n  import { build_button_with_3dmodel } from \"https:\/\/multiform3d.com\/wp-content\/uploads\/build_button_with_3dmodel.js\";\n\nconst discoverFirstModelTranslations = {\n    \"english\": \"Discover our first model! A universal phone case\",\n    \"french\": \"D\u00e9couvrez notre premier mod\u00e8le ! Une coque de t\u00e9l\u00e9phone universelle\",\n    \"spanish\": \"\u00a1Descubre nuestro primer modelo! Una funda de tel\u00e9fono universal\"\n};\n\n\nbuild_button_with_3dmodel(\n    \"one_item_container\",\n    0.7,\n    \"https:\/\/multiform3d.com\/wp-content\/uploads\/stl_ready\/oppo_reno_z.stl\",\n    \"https:\/\/multiform3d.com\/?page_id=7\",\n    discoverFirstModelTranslations[langue]\n);\n<\/script>\n--><p><\/p>","protected":false},"excerpt":{"rendered":"","protected":false},"author":1,"featured_media":0,"parent":0,"menu_order":0,"comment_status":"closed","ping_status":"closed","template":"","meta":{"footnotes":""},"class_list":["post-38","page","type-page","status-publish","hentry","entry","owp-thumbs-layout-horizontal","owp-btn-normal","owp-tabs-layout-horizontal","has-no-thumbnails","has-product-nav"],"_links":{"self":[{"href":"https:\/\/multiform3d.com\/index.php?rest_route=\/wp\/v2\/pages\/38","targetHints":{"allow":["GET"]}}],"collection":[{"href":"https:\/\/multiform3d.com\/index.php?rest_route=\/wp\/v2\/pages"}],"about":[{"href":"https:\/\/multiform3d.com\/index.php?rest_route=\/wp\/v2\/types\/page"}],"author":[{"embeddable":true,"href":"https:\/\/multiform3d.com\/index.php?rest_route=\/wp\/v2\/users\/1"}],"replies":[{"embeddable":true,"href":"https:\/\/multiform3d.com\/index.php?rest_route=%2Fwp%2Fv2%2Fcomments&post=38"}],"version-history":[{"count":73,"href":"https:\/\/multiform3d.com\/index.php?rest_route=\/wp\/v2\/pages\/38\/revisions"}],"predecessor-version":[{"id":385,"href":"https:\/\/multiform3d.com\/index.php?rest_route=\/wp\/v2\/pages\/38\/revisions\/385"}],"wp:attachment":[{"href":"https:\/\/multiform3d.com\/index.php?rest_route=%2Fwp%2Fv2%2Fmedia&parent=38"}],"curies":[{"name":"wp","href":"https:\/\/api.w.org\/{rel}","templated":true}]}}